nd 110.
11
Let w be (-8)/(-6)*6/4. Suppose -2*o - 3*o = 2*z - 18, 4*o = 4*z + 20. Let j = w - z. Calculate the greatest common divisor of 24 and j.
3
Let z be 4/(-6) - 452/(-12). Let g = -22 + z. What is the greatest common divisor of g and 15?
15
Let f(m) = m + 16. Let j be f(14). What is the greatest common divisor of j and 6?
6
Let x(o) = -o**2 - 9*o - 12. Let t be x(-5). What is the highest common divisor of 16 and t?
8
Suppose -2*a - 37 = -49. Let z = 56 + 4. What is the greatest common divisor of a and z?
6
Let d be (-6)/14 - (-132)/14. What is the highest common factor of d and 27?
9
Suppose -4*c - 2*x + 32 = 0, -c = x - 2 - 8. Calculate the greatest common divisor of 6 and c.
6
Suppose -4*n + 472 = 4*v - 48, -3*v + 4*n + 404 = 0. What is the greatest common divisor of 12 and v?
12
Let c be -4 - (-2)/(-6)*0. Let m be 2/((-2)/1)*c. Let k be (m/(-6))/((-4)/18). What is the greatest common divisor of k and 33?
3
Suppose -5*y = 2*u - 220, 5*u + 11 + 60 = y. What is the highest common divisor of y and 23?
23
Let u = 118 - 73. Suppose 13*q - 9*q = t - 15, -3*q = 0. Calculate the highest common divisor of t and u.
15
Let f be ((-184)/10)/((-2)/10). Let v = -40 - -63. Calculate the greatest common factor of f and v.
23
Let q be 0/(-6*2/(-4)) + 1. Calculate the greatest common divisor of 8 and q.
1
Let v be (-1)/(2/(-250)) - -1. Let w be 36/2*4/6. Let h be (w/15)/(2/35). Calculate the highest common factor of h and v.
14
Let d(s) = s**3 - 3*s**2 + s + 5. Let b be d(3). Let c = 7 - 3. Calculate the highest common factor of b and c.
4
Let z = 1 - -7. Let q be 510/z - 6/8. Calculate the greatest common factor of q and 9.
9
Let o be (2 + 0)/(-2) + 22. Calculate the greatest common factor of o and 189.
21
Let a = -253 - -396. What is the highest common divisor of a and 13?
13
Suppose 20 = -7*l + 9*l. Let x(j) = -21*j + 5. Let h be x(-5). Calculate the highest common divisor of h and l.
10
Let m = 0 - -1. Let u(p) = 3*p**2 + p. Let n be u(1). Suppose 0 = n*r, r + 0 + 4 = 2*v. Calculate the greatest common divisor of m and v.
1
Suppose -3 + 14 = k. Suppose -d + k + 1 = n, -n - 5*d - 4 = 0. What is the greatest common divisor of n and 2?
2
Suppose -21 = -w - 2*w. Let i(l) = 1 - 2 - 2 + l. Let u be i(w). Calculate the highest common factor of u and 36.
4
Let v be 0 + -1 + 1 + -4 + 18. Calculate the greatest common divisor of v and 42.
14
Let w be -3*(-10)/15 - -8. Calculate the highest common factor of 110 and w.
10
Suppose 18 = -3*f - 57. Let z = 20 - f. Calculate the greatest common factor of 9 and z.
9
Let a be -5 - (-35 - 0)*1. What is the greatest common factor of 40 and a?
10
Suppose 9*q - 160 = -25. Calculate the highest common divisor of q and 165.
15
Suppose -5*p + 1 = -3*q - 83, p + 4*q = 3. What is the greatest common factor of 60 and p?
15
Let o = -6 + 36. Let j = o + -6. Suppose -2*l = 3*l - 3*t - 20, 5*l - 20 = 4*t. What is the greatest common divisor of l and j?
4
Let o(v) = 4*v + 0 + 4*v**2 - v**2 - 1 - v**3. Let d be o(3). Suppose 3*l - 4 = -l. Calculate the highest common factor of l and d.
1
Let r be ((-12)/10)/(6/(-40)). Let s be (40/(-15))/((-1)/3). Calculate the highest common divisor of s and r.
8
Let r(f) be the third derivative of f**6/120 + f**5/60 + 3*f**3/2 + 2*f**2. Let l be r(0). What is the greatest common divisor of l and 6?
3
Suppose 2*s = 17 + 19. Let g be -1*3/(-1)*6. Calculate the highest common factor of g and s.
18
Suppose -6*q + 320 = -4*q. What is the highest common divisor of q and 32?
32
Suppose 3*n - 3 = 8*n - 2*r, n + 4*r = 17. Let z be n + (0/(-1))/(-2). Let d be (7 - z)/((-9)/(-24)). What is the greatest common factor of d and 176?
16
Let u(l) = 9*l - 4. Let a be u(2). What is the greatest common divisor of a and 14?
14
Let u = -168 - -312. Let r = -1 + 17. Calculate the highest common factor of u and r.
16
Let g(u) = -1. Let c(r) = -r**2 - 7*r + 12. Let z(o) = -c(o) - 4*g(o). Let k be z(-9). Calculate the greatest common divisor of k and 20.
10
Let p(k) = k**3 + k**2 - k. Let f be p(1). Let d be f + 1*(0 + -2). Let h be 426/24 + d/(-4). What is the greatest common divisor of 54 and h?
18
Suppose -5*c + q = -43, -2*q = -2*c - 6*q + 4. Suppose 0 = c*w - 4*w - 112. What is the highest common divisor of w and 7?
7
Suppose -3*k + 5*y + 82 = 0, -3*k + 114 = k - 2*y. What is the highest common divisor of k and 145?
29
Suppose -14*b = -13*b - 144. Calculate the highest common factor of 36 and b.
36
Let r(n) = n**2. Let u(m) = m**2 + 5*m - 2. Let w(t) = 2*r(t) - u(t). Let q be w(5). Suppose -6*g + 36 = -q*g. Calculate the highest common divisor of g and 18.
9
Suppose 65 = -2*x - w, -4*w + 8 = 28. Let u be 12/x - 44/(-10). Calculate the highest common factor of u and 4.
4
Suppose r + 7 = 19. Let n = -6 + r. Let c = 5 + n. Calculate the greatest common factor of c and 55.
11
Let g(f) = 12*f - 17. Let t be g(17). What is the greatest common divisor of t and 17?
17
Suppose -2*n - 144 = -5*o, -o - 147 = -6*o + n. Let a be (-2)/(-2)*(-3 + -2). Let p be (7 - 11)/(2/a). Calculate the highest common factor of o and p.
10
Let b(j) be the third derivative of 11/15*j**5 + 1/24*j**4 + 0 + 0*j + 0*j**3 + j**2. Let g be b(1). Calculate the greatest common divisor of g and 18.
9
Let h = 20 - 11. Suppose -6 = 2*y - 96. What is the greatest common factor of y and h?
9
Let m be 4/(-18)*-1 + 12840/54. Calculate the highest common divisor of 34 and m.
34
Let q be (6 - 4)*27 - (-12)/(-2). Suppose 2 = -4*d + 26. Calculate the highest common factor of q and d.
6
Let d(r) = -r + 6. Let b be d(6). Suppose b = -2*f - 4 + 6. Calculate the highest common factor of 1 and f.
1
Suppose -l + 21 = 2*l + 3*h, -4*l + 5*h + 10 = 0. Suppose 3*u - l*u + 26 = 0. What is the highest common divisor of 13 and u?
13
Let h = 8 - 4. Suppose -n = -x + 4, -h*x + 0*n = 4*n + 24. Let c be -8*(0 - x)*-4. What is the greatest common factor of 8 and c?
8
Let n be ((-10)/4)/(4/8). Suppose -2 + 59 = 3*a. Let g = a + n. Calculate the highest common divisor of 2 and g.
2
Let p(s) = -s**2 + 2 + 11*s - 3 - 12*s + 4*s**3. Let u be p(3). Calculate the highest common factor of u and 38.
19
Let b = 28 + -4. What is the greatest common factor of 216 and b?
24
Let r be ((-28)/(-8))/(4/120). What is the greatest common divisor of r and 42?
21
Let r(f) = -f**3 - 5*f**2 + f - 7. Let w be r(-5). Let y = -1 - w. Let o = 2 - -31. What is the greatest common divisor of o and y?
11
Let n be 0 - -2*2 - 0. Suppose -2 = 2*a, 4*a + 2 = 3*v - 8. What is the greatest common factor of v and n?
2
Suppose 5*w = 7*w - 28. What is the greatest common factor of 21 and w?
7
Suppose -4*f + 14 = -3*h, -3*h - 2 = -2*h. Suppose 2*g - f*u - 28 = 0, -76 = -4*g + 2*u - 3*u. Calculate the greatest common divisor of 9 and g.
9
Let m(f) = f + 9. Let r be m(-9). Suppose -5*y + 2*y + 27 = r. What is the greatest common divisor of 1 and y?
1
Suppose 2*s = 2*v + 232, -4*s - 2*v = -2 - 456. What is the greatest common factor of s and 46?
23
Suppose -4 = 2*k - 6*k. Suppose k = -v - 0. Let i be ((-40)/(-6))/(v/(-3)). Calculate the greatest common factor of 30 and i.
10
Let h(l) = -l**3 - 5*l**2 - l - 4. Let d be -8 + (-9)/(3/(-1)). Let i be h(d). Let y be -1*i/((-2)/22). What is the highest common divisor of 44 and y?
11
Suppose 2*u + 2*l = 148, -2*u + 3*l - 2*l = -157. Calculate the greatest common factor of 7 and u.
7
Let n be 24/(-10)*(-10)/3. What is the highest common factor of 16 and n?
8
Let z = -3 + 6. Suppose -z*c = a - 43, -3*a + 1 + 24 = c. What is the greatest common factor of 39 and c?
13
Suppose 4*t = 7*t. Suppose 3 = -s - g, t*g = -s - 2*g - 4. Let y be ((-6)/(-2) - s) + 0. Calculate the greatest common factor of 55 and y.
5
Let b = -32 - -46. What is the greatest common divisor of 42 and b?
14
Let j(p) = 3*p**2 + 1. Let n be j(-3). What is the greatest common factor of n and 56?
28
Let f = 112 - 77. What is the highest common divisor of 14 and f?
7
Let m be -3*(-5)/(-15) - -61. Calculate the greatest common divisor of 48 and m.
12
Let n be (-214)/(-10) + (-10)/25. Suppose n = 5*x - 69. Suppose 3*t - 93 = -3*k, 2*t - 2*k = 42 + 40. What is the greatest common divisor of t and x?
18
Let r be 6/36 - (-173)/6. Calculate the greatest common divisor of 29 and r.
29
Suppose 11*o - 3*o - 24 = 0. What is t